 factors of 253320690.
2, 3, 5, 7, 389, 443
List the prime factors of 29754862.
2, 17, 51479
List the prime factors of 377092637.
137, 191, 14411
What are the prime factors of 187435176?
2, 3, 31, 191, 1319
List the prime factors of 64117560.
2, 3, 5, 13, 23, 1787
What are the prime factors of 341106034?
2, 37, 229, 20129
List the prime factors of 728871358.
2, 364435679
List the prime factors of 121440612.
2, 3, 1231, 8221
List the prime factors of 1609276851.
3, 7, 13, 47, 97, 431
List the prime factors of 741221652.
2, 3, 683, 90437
List the prime factors of 115213667.
115213667
What are the prime factors of 231952431?
3, 77317477
List the prime factors of 95516097.
3, 19, 1675721
List the prime factors of 520931965.
5, 53, 1965781
List the prime factors of 56828524.
2, 14207131
What are the prime factors of 58049602?
2, 13, 2232677
What are the prime factors of 1081811185?
5, 7, 13, 31, 76697
List the prime factors of 276180643.
31, 211, 42223
List the prime factors of 172764572.
2, 5273, 8191
List the prime factors of 343508005.
5, 1741, 39461
List the prime factors of 62491888.
2, 1459, 2677
What are the prime factors of 12995511?
3, 4331837
List the prime factors of 1483704280.
2, 5, 67, 8263
List the prime factors of 1636918774.
2, 59, 61, 71, 3203
List the prime factors of 832983479.
23, 37, 211, 4639
List the prime factors of 1926830177.
12401, 155377
What are the prime factors of 125214861?
3, 41, 1018007
What are the prime factors of 14644769?
17, 83, 97, 107
What are the prime factors of 3643412091?
3, 11, 109, 1012903
What are the prime factors of 226476253?
89, 503, 5059
What are the prime factors of 666661289?
7, 95237327
What are the prime factors of 189616642?
2, 94808321
What are the prime factors of 64179725?
5, 1511, 1699
What are the prime factors of 3082143081?
3, 857, 1198811
List the prime factors of 893869130.
2, 5, 7, 11, 257, 4517
List the prime factors of 1837324783.
7, 29, 9050861
List the prime factors of 604655570.
2, 5, 67, 902471
What are the prime factors of 1271431181?
43, 29568167
What are the prime factors of 1293064277?
1293064277
What are the prime factors of 1582474632?
2, 3, 167, 394829
What are the prime factors of 69656991?
3, 41, 229, 2473
What are the prime factors of 1814810105?
5, 2381, 152441
List the prime factors of 10421736.
2, 3, 13, 33403
List the prime factors of 924228764.
2, 73, 107, 29581
What are the prime factors of 1711972517?
1711972517
List the prime factors of 418770497.
5711, 73327
List the prime factors of 3440992702.
2, 7, 245785193
List the prime factors of 1719712079.
1719712079
List the prime factors of 108043651.
41, 541, 4871
List the prime factors of 562580703.
3, 62508967
What are the prime factors of 102489961?
7, 14641423
List the prime factors of 715411822.
2, 3671, 97441
What are the prime factors of 333767562?
2, 3, 17, 3272231
List the prime factors of 2001586558.
2, 37, 487, 55541
What are the prime factors of 2161750547?
11, 17865707
List the prime factors of 153343921.
23, 6667127
List the prime factors of 17107388.
2, 179, 23893
List the prime factors of 145661802.
2, 3, 11, 13, 169769
List the prime factors of 1522768825.
5, 31, 149, 13187
List the prime factors of 6339075.
3, 5, 84521
What are the prime factors of 2629480708?
2, 657370177
List the prime factors of 333055964.
2, 659, 126349
What are the prime factors of 146528610?
2, 3, 5, 17, 47, 6113
List the prime factors of 218171720.
2, 5, 13, 419561
What are the prime factors of 411699527?
411699527
What are the prime factors of 76850383?
19, 23, 175859
What are the prime factors of 1061615577?
3, 11, 23, 163, 8581
What are the prime factors of 894172145?
5, 178834429
List the prime factors of 84485035.
5, 773, 21859
List the prime factors of 4781561.
4781561
What are the prime factors of 2719977328?
2, 169998583
List the prime factors of 67716087.
3, 22572029
What are the prime factors of 62888627?
17, 3699331
What are the prime factors of 885101506?
2, 8539, 51827
List the prime factors of 33130346.
2, 229, 72337
What are the prime factors of 269311389?
3, 359, 250057
What are the prime factors of 2261407188?
2, 3, 977, 192887
List the prime factors of 1150006629.
3, 29, 2617, 5051
List the prime factors of 1345763061.
3, 17, 1949, 4513
List the prime factors of 1738820660.
2, 5, 41, 2120513
List the prime factors of 880742515.
5, 281, 397, 1579
List the prime factors of 2545184774.
2, 11, 115690217
What are the prime factors of 3443747313?
3, 31, 37029541
What are the prime factors of 217685250?
2, 3, 5, 96749
List the prime factors of 166767903.
3, 241, 8543
What are the prime factors of 1469618029?
11, 133601639
List the prime factors of 494690122.
2, 101, 2448961
What are the prime factors of 211545505?
5, 42309101
What are the prime factors of 18740005?
5, 53, 70717
List the prime factors of 296333385.
3, 5, 19755559
What are the prime factors of 409230830?
2, 5, 127, 322229
List the prime factors of 958434729.
3, 7, 2063, 22123
What are the prime factors of 171464341?
19, 9024439
What are the prime factors of 39883705?
5, 59, 353, 383
What are the prime factors of 293809279?
167, 1759337
List the prime factors of 2449387627.
2449387627
What are the prime factors of 43349805?
3, 5, 43, 521
List the prime factors of 31032953.
7, 31, 83, 1723
What are the prime factors of 63505514?
2, 61, 211, 2467
What are the prime factors of 1962886994?
2, 8669, 113213
What are the prime factors of 3726423110?
2, 5, 53, 229, 30703
What are the prime factors of 3040459897?
3040459897
List the prime factors of 78538816.
2, 223, 5503
What are the prime factors of 206647503?
3, 41, 641, 2621
What are the prime factors of 46757765?
5, 19, 31, 15877
What are the prime factors of 3100756854?
2, 3, 13, 17, 283, 8263
What are the prime factors of 382741658?
2, 13, 14720833
List the prime factors of 727127045.
5, 145425409
What are the prime factors of 77074231?
13, 5928787
What are the prime factors of 5398856370?
2, 3, 5, 113, 530861
What are the prime factors of 4976369629?
7, 11, 19, 41, 82963
List the prime factors of 111226256.
2, 6951641
What are the prime factors of 102754046?
2, 59, 211, 4127
List the prime factors of 4477343300.
2, 5, 23, 1946671
List the prime factors of 232621524.
2, 3, 2153903
List the prime factors of 563894553.
3, 61, 3081391
List the prime factors of 2387485945.
5, 13, 19, 223, 8669
List the prime factors of 2249168.
2, 17, 8269
List the prime factors of 450073859.
173, 2601583
What are the prime factors of 41640854?
2, 17, 72043
What are the prime factors of 1182833123?
17, 69578419
What are the prime factors of 1044392735?
5, 83, 431, 5839
List the prime factors of 482493952.
2, 942371
What are the prime factors of 4613806677?
3, 137, 337, 33311
What are the prime factors of 731499509?
13, 29, 37, 229
List the prime factors of 422197214.
2, 19, 641, 17333
What are the prime factors of 559472325?
3, 5, 1151, 6481
List the prime factors of 44205170.
2, 5, 4420517
What are the prime factors of 70751000?
2, 5, 139, 509
What are the prime factors of 599846051?
7, 1093, 78401
What are the prime factors of 73435954?
2, 17, 2159881
What are the prime factors of 18838413?
3, 11, 21143
What are the prime factors of 96659695?
5, 11, 1757449
List the prime factors of 7831881.
3, 373, 2333
List the prime factors of 228114083.
149, 1530967
What are the prime factors of 72187583?
13, 29, 43, 61, 73
What are the prime factors of 6012451743?
3, 313, 467, 13711
List the prime factors of 8257530.
2, 3, 5, 275251
List the prime factors of 43666030.
2, 5, 17, 397, 647
What are the prime factors of 188834265?
3, 5, 97, 43261
What are the prime factors of 129036233?
23, 229, 24499
What are the prime factors of 201681746?
2, 7, 37, 55621
List the prime factors of 93060784.
2, 19, 306121
What are the prime factors of 77948583?
3, 19, 1367519
List the prime factors of 176477359.
607, 290737
What are the prime factors of 248517168?
2, 3, 5177441
What are the prime factors of 6258999?
3, 19, 109807
What are the prime factors of 162347224?
2, 13, 1097, 1423
What are the prime factors of 241990177?
11, 13, 1692239
What are the prime factors of 63410414?
2, 29, 1093283
List the prime factors of 8447915353.
283, 80